{"id":563,"date":"2021-05-06T01:21:31","date_gmt":"2021-05-05T22:21:31","guid":{"rendered":"http:\/\/www.hmdorganic.com\/WP202104\/?page_id=563"},"modified":"2021-05-31T15:57:20","modified_gmt":"2021-05-31T12:57:20","slug":"ana-sayfa","status":"publish","type":"page","link":"http:\/\/www.hmdorganic.com\/WP202104\/","title":{"rendered":"Ana Sayfa"},"content":{"rendered":"","protected":false},"excerpt":{"rendered":"","protected":false},"author":1,"featured_media":0,"parent":0,"menu_order":0,"comment_status":"closed","ping_status":"closed","template":"","meta":[],"yoast_head":"<!-- This site is optimized with the Yoast SEO plugin v18.4.1 - https:\/\/yoast.com\/wordpress\/plugins\/seo\/ -->\n<title>Ana Sayfa ~ HMD ORGAN\u0130K URETICIDEN TUKETICIYE<\/title>\n<meta name=\"description\" content=\"Konserve Meyve ve Sebzeler , Dondurulmus Urunler Meyve ve Sebzeler, Kurutulmus Meyve ve Sebzeler , Taze meyve ve Sebzeler , Toptan G\u0131da\" \/>\n<meta name=\"robots\" content=\"index, follow, max-snippet:-1, max-image-preview:large, max-video-preview:-1\" \/>\n<link rel=\"canonical\" href=\"http:\/\/www.hmdorganic.com\/WP202104\/\" \/>\n<meta property=\"og:locale\" content=\"tr_TR\" \/>\n<meta property=\"og:type\" content=\"article\" \/>\n<meta property=\"og:title\" content=\"Ana Sayfa ~ HMD ORGAN\u0130K URETICIDEN TUKETICIYE\" \/>\n<meta property=\"og:description\" content=\"Konserve Meyve ve Sebzeler , Dondurulmus Urunler Meyve ve Sebzeler, Kurutulmus Meyve ve Sebzeler , Taze meyve ve Sebzeler , Toptan G\u0131da\" \/>\n<meta property=\"og:url\" content=\"http:\/\/www.hmdorganic.com\/WP202104\/\" \/>\n<meta property=\"og:site_name\" content=\"HMD ORGAN\u0130K\" \/>\n<meta property=\"article:modified_time\" content=\"2021-05-31T12:57:20+00:00\" \/>\n<meta name=\"twitter:card\" content=\"summary_large_image\" \/>\n<script type=\"application\/ld+json\" class=\"yoast-schema-graph\">{\"@context\":\"https:\/\/schema.org\",\"@graph\":[{\"@type\":\"Organization\",\"@id\":\"http:\/\/www.hmdorganic.com\/WP202104\/#organization\",\"name\":\"HMD Organik G\u0131da Tar\u0131m Orman Hayvanc\u0131l\u0131k Sanayi ve Ticaret Limited \u015eirketi\",\"url\":\"http:\/\/www.hmdorganic.com\/WP202104\/\",\"sameAs\":[],\"logo\":{\"@type\":\"ImageObject\",\"@id\":\"http:\/\/www.hmdorganic.com\/WP202104\/#logo\",\"inLanguage\":\"tr\",\"url\":\"https:\/\/i2.wp.com\/www.hmdorganic.com\/WP202104\/wp-content\/uploads\/2021\/05\/WhatsApp-Image-2021-05-05-at-11.45.30-PM.jpeg?fit=228%2C220\",\"contentUrl\":\"https:\/\/i2.wp.com\/www.hmdorganic.com\/WP202104\/wp-content\/uploads\/2021\/05\/WhatsApp-Image-2021-05-05-at-11.45.30-PM.jpeg?fit=228%2C220\",\"width\":228,\"height\":220,\"caption\":\"HMD Organik G\u0131da Tar\u0131m Orman Hayvanc\u0131l\u0131k Sanayi ve Ticaret Limited \u015eirketi\"},\"image\":{\"@id\":\"http:\/\/www.hmdorganic.com\/WP202104\/#logo\"}},{\"@type\":\"WebSite\",\"@id\":\"http:\/\/www.hmdorganic.com\/WP202104\/#website\",\"url\":\"http:\/\/www.hmdorganic.com\/WP202104\/\",\"name\":\"HMD ORGAN\u0130K\",\"description\":\"\",\"publisher\":{\"@id\":\"http:\/\/www.hmdorganic.com\/WP202104\/#organization\"},\"potentialAction\":[{\"@type\":\"SearchAction\",\"target\":{\"@type\":\"EntryPoint\",\"urlTemplate\":\"http:\/\/www.hmdorganic.com\/WP202104\/?s={search_term_string}\"},\"query-input\":\"required name=search_term_string\"}],\"inLanguage\":\"tr\"},{\"@type\":\"WebPage\",\"@id\":\"http:\/\/www.hmdorganic.com\/WP202104\/#webpage\",\"url\":\"http:\/\/www.hmdorganic.com\/WP202104\/\",\"name\":\"Ana Sayfa ~ HMD ORGAN\u0130K URETICIDEN TUKETICIYE\",\"isPartOf\":{\"@id\":\"http:\/\/www.hmdorganic.com\/WP202104\/#website\"},\"datePublished\":\"2021-05-05T22:21:31+00:00\",\"dateModified\":\"2021-05-31T12:57:20+00:00\",\"description\":\"Konserve Meyve ve Sebzeler , Dondurulmus Urunler Meyve ve Sebzeler, Kurutulmus Meyve ve Sebzeler , Taze meyve ve Sebzeler , Toptan G\u0131da\",\"breadcrumb\":{\"@id\":\"http:\/\/www.hmdorganic.com\/WP202104\/#breadcrumb\"},\"inLanguage\":\"tr\",\"potentialAction\":[{\"@type\":\"ReadAction\",\"target\":[\"http:\/\/www.hmdorganic.com\/WP202104\/\"]}]},{\"@type\":\"BreadcrumbList\",\"@id\":\"http:\/\/www.hmdorganic.com\/WP202104\/#breadcrumb\",\"itemListElement\":[{\"@type\":\"ListItem\",\"position\":1,\"name\":\"Home\",\"item\":\"http:\/\/www.hmdorganic.com\/WP202104\/\"},{\"@type\":\"ListItem\",\"position\":2,\"name\":\"Ana Sayfa\"}]}]}<\/script>\n<!-- \/ Yoast SEO plugin. -->","yoast_head_json":{"title":"Ana Sayfa ~ HMD ORGAN\u0130K URETICIDEN TUKETICIYE","description":"Konserve Meyve ve Sebzeler , Dondurulmus Urunler Meyve ve Sebzeler, Kurutulmus Meyve ve Sebzeler , Taze meyve ve Sebzeler , Toptan G\u0131da","robots":{"index":"index","follow":"follow","max-snippet":"max-snippet:-1","max-image-preview":"max-image-preview:large","max-video-preview":"max-video-preview:-1"},"canonical":"http:\/\/www.hmdorganic.com\/WP202104\/","og_locale":"tr_TR","og_type":"article","og_title":"Ana Sayfa ~ HMD ORGAN\u0130K URETICIDEN TUKETICIYE","og_description":"Konserve Meyve ve Sebzeler , Dondurulmus Urunler Meyve ve Sebzeler, Kurutulmus Meyve ve Sebzeler , Taze meyve ve Sebzeler , Toptan G\u0131da","og_url":"http:\/\/www.hmdorganic.com\/WP202104\/","og_site_name":"HMD ORGAN\u0130K","article_modified_time":"2021-05-31T12:57:20+00:00","twitter_card":"summary_large_image","schema":{"@context":"https:\/\/schema.org","@graph":[{"@type":"Organization","@id":"http:\/\/www.hmdorganic.com\/WP202104\/#organization","name":"HMD Organik G\u0131da Tar\u0131m Orman Hayvanc\u0131l\u0131k Sanayi ve Ticaret Limited \u015eirketi","url":"http:\/\/www.hmdorganic.com\/WP202104\/","sameAs":[],"logo":{"@type":"ImageObject","@id":"http:\/\/www.hmdorganic.com\/WP202104\/#logo","inLanguage":"tr","url":"https:\/\/i2.wp.com\/www.hmdorganic.com\/WP202104\/wp-content\/uploads\/2021\/05\/WhatsApp-Image-2021-05-05-at-11.45.30-PM.jpeg?fit=228%2C220","contentUrl":"https:\/\/i2.wp.com\/www.hmdorganic.com\/WP202104\/wp-content\/uploads\/2021\/05\/WhatsApp-Image-2021-05-05-at-11.45.30-PM.jpeg?fit=228%2C220","width":228,"height":220,"caption":"HMD Organik G\u0131da Tar\u0131m Orman Hayvanc\u0131l\u0131k Sanayi ve Ticaret Limited \u015eirketi"},"image":{"@id":"http:\/\/www.hmdorganic.com\/WP202104\/#logo"}},{"@type":"WebSite","@id":"http:\/\/www.hmdorganic.com\/WP202104\/#website","url":"http:\/\/www.hmdorganic.com\/WP202104\/","name":"HMD ORGAN\u0130K","description":"","publisher":{"@id":"http:\/\/www.hmdorganic.com\/WP202104\/#organization"},"potentialAction":[{"@type":"SearchAction","target":{"@type":"EntryPoint","urlTemplate":"http:\/\/www.hmdorganic.com\/WP202104\/?s={search_term_string}"},"query-input":"required name=search_term_string"}],"inLanguage":"tr"},{"@type":"WebPage","@id":"http:\/\/www.hmdorganic.com\/WP202104\/#webpage","url":"http:\/\/www.hmdorganic.com\/WP202104\/","name":"Ana Sayfa ~ HMD ORGAN\u0130K URETICIDEN TUKETICIYE","isPartOf":{"@id":"http:\/\/www.hmdorganic.com\/WP202104\/#website"},"datePublished":"2021-05-05T22:21:31+00:00","dateModified":"2021-05-31T12:57:20+00:00","description":"Konserve Meyve ve Sebzeler , Dondurulmus Urunler Meyve ve Sebzeler, Kurutulmus Meyve ve Sebzeler , Taze meyve ve Sebzeler , Toptan G\u0131da","breadcrumb":{"@id":"http:\/\/www.hmdorganic.com\/WP202104\/#breadcrumb"},"inLanguage":"tr","potentialAction":[{"@type":"ReadAction","target":["http:\/\/www.hmdorganic.com\/WP202104\/"]}]},{"@type":"BreadcrumbList","@id":"http:\/\/www.hmdorganic.com\/WP202104\/#breadcrumb","itemListElement":[{"@type":"ListItem","position":1,"name":"Home","item":"http:\/\/www.hmdorganic.com\/WP202104\/"},{"@type":"ListItem","position":2,"name":"Ana Sayfa"}]}]}},"_links":{"self":[{"href":"http:\/\/www.hmdorganic.com\/WP202104\/index.php\/wp-json\/wp\/v2\/pages\/563"}],"collection":[{"href":"http:\/\/www.hmdorganic.com\/WP202104\/index.php\/wp-json\/wp\/v2\/pages"}],"about":[{"href":"http:\/\/www.hmdorganic.com\/WP202104\/index.php\/wp-json\/wp\/v2\/types\/page"}],"author":[{"embeddable":true,"href":"http:\/\/www.hmdorganic.com\/WP202104\/index.php\/wp-json\/wp\/v2\/users\/1"}],"replies":[{"embeddable":true,"href":"http:\/\/www.hmdorganic.com\/WP202104\/index.php\/wp-json\/wp\/v2\/comments?post=563"}],"version-history":[{"count":0,"href":"http:\/\/www.hmdorganic.com\/WP202104\/index.php\/wp-json\/wp\/v2\/pages\/563\/revisions"}],"wp:attachment":[{"href":"http:\/\/www.hmdorganic.com\/WP202104\/index.php\/wp-json\/wp\/v2\/media?parent=563"}],"curies":[{"name":"wp","href":"https:\/\/api.w.org\/{rel}","templated":true}]}}